{"id":860,"date":"2021-04-14T11:40:37","date_gmt":"2021-04-14T09:40:37","guid":{"rendered":"https:\/\/www.echodesterriers.fr\/?page_id=860"},"modified":"2022-08-17T19:51:25","modified_gmt":"2022-08-17T17:51:25","slug":"biographie","status":"publish","type":"page","link":"https:\/\/www.echodesterriers.fr\/index.php\/biographie\/","title":{"rendered":"Biographie"},"content":{"rendered":"\t\t<div data-elementor-type=\"wp-page\" data-elementor-id=\"860\" class=\"elementor elementor-860\" data-elementor-settings=\"[]\">\n\t\t\t\t\t\t\t<div class=\"elementor-section-wrap\">\n\t\t\t\t\t\t\t<section class=\"elementor-section elementor-top-section elementor-element elementor-element-968c25b elementor-section-boxed elementor-section-height-default elementor-section-height-default\" data-id=\"968c25b\" data-element_type=\"section\" data-settings=\"{&quot;_ha_eqh_enable&quot;:false}\">\n\t\t\t\t\t\t<div class=\"elementor-container elementor-column-gap-default\">\n\t\t\t\t\t<div class=\"elementor-column elementor-col-100 elementor-top-column elementor-element elementor-element-691eda8\" data-id=\"691eda8\" data-element_type=\"column\">\n\t\t\t<div class=\"elementor-widget-wrap elementor-element-populated\">\n\t\t\t\t\t\t\t\t<section class=\"elementor-section elementor-inner-section elementor-element elementor-element-65052ee elementor-section-content-top elementor-section-boxed elementor-section-height-default elementor-section-height-default\" data-id=\"65052ee\" data-element_type=\"section\" data-settings=\"{&quot;_ha_eqh_enable&quot;:false}\">\n\t\t\t\t\t\t<div class=\"elementor-container elementor-column-gap-wide\">\n\t\t\t\t\t<div class=\"elementor-column elementor-col-50 elementor-inner-column elementor-element elementor-element-f8c9bb7\" data-id=\"f8c9bb7\" data-element_type=\"column\" data-settings=\"{&quot;background_background&quot;:&quot;classic&quot;}\">\n\t\t\t<div class=\"elementor-widget-wrap elementor-element-populated\">\n\t\t\t\t\t\t\t\t<div class=\"elementor-element elementor-element-9423976 elementor-widget elementor-widget-heading\" data-id=\"9423976\" data-element_type=\"widget\" data-widget_type=\"heading.default\">\n\t\t\t\t<div class=\"elementor-widget-container\">\n\t\t\t<h2 class=\"elementor-heading-title elementor-size-default\">Biographie<\/h2>\t\t<\/div>\n\t\t\t\t<\/div>\n\t\t\t\t<div class=\"elementor-element elementor-element-8cd5fdb elementor-widget elementor-widget-image\" data-id=\"8cd5fdb\" data-element_type=\"widget\" data-widget_type=\"image.default\">\n\t\t\t\t<div class=\"elementor-widget-container\">\n\t\t\t\t\t<div class=\"elementor-image\">\n\t\t\t\t\t\t\t\t\t\t<img src=\"https:\/\/www.echodesterriers.fr\/wp-content\/uploads\/2021\/04\/RIMG0006_JPG.jpg\" title=\"\" alt=\"\" \/>\t\t\t\t\t\t\t\t\t\t\t<\/div>\n\t\t\t\t<\/div>\n\t\t\t\t<\/div>\n\t\t\t\t\t<\/div>\n\t\t<\/div>\n\t\t\t\t<div class=\"elementor-column elementor-col-50 elementor-inner-column elementor-element elementor-element-7dd9200\" data-id=\"7dd9200\" data-element_type=\"column\">\n\t\t\t<div class=\"elementor-widget-wrap elementor-element-populated\">\n\t\t\t\t\t\t\t\t<div class=\"elementor-element elementor-element-8836876 elementor-widget elementor-widget-text-editor\" data-id=\"8836876\" data-element_type=\"widget\" data-widget_type=\"text-editor.default\">\n\t\t\t\t<div class=\"elementor-widget-container\">\n\t\t\t\t\t<div class=\"elementor-text-editor elementor-clearfix\"><h3>Conteur, musicien, un peu p\u00e9pini\u00e9riste et cuisinier.<\/h3><p><em>Un cuisinier qui raconte ? Un conteur qui s\u00e8me et plante ? <br \/>Et pourquoi pas ?<\/em><\/p><p>Les histoires sont comme du pollen, des glands ou des fa\u00eenes et tombent o\u00f9 le vent les m\u00e8ne. J&#8217;en r\u00e9colte quelques-unes et les fait germer \u00e0 l&#8217;ombre, dans le terrier. En prenant soin d&#8217;elles, en prenant le temps de r\u00eaver&#8230;<br \/>Quand elles ont pouss\u00e9, il est temps de les accommoder, de les accorder, de les \u00e9picer.<span class=\"Apple-converted-space\">\u00a0<br \/><\/span>Et enfin, vient le meilleur moment : celui du plaisir et du partage, \u00e0 haute voix, en musique, \u00e0 la lumi\u00e8re.<br \/>Comme autour d&#8217;une table o\u00f9 l&#8217;on savoure ensemble un bon plat mijot\u00e9.<\/p><\/div>\n\t\t\t\t<\/div>\n\t\t\t\t<\/div>\n\t\t\t\t\t<\/div>\n\t\t<\/div>\n\t\t\t\t\t\t\t<\/div>\n\t\t<\/section>\n\t\t\t\t<div class=\"elementor-element elementor-element-5367873 elementor-aspect-ratio-169 elementor-widget elementor-widget-video\" data-id=\"5367873\" data-element_type=\"widget\" data-settings=\"{&quot;youtube_url&quot;:&quot;https:\\\/\\\/www.youtube.com\\\/watch?v=yak0W-1etls&quot;,&quot;video_type&quot;:&quot;youtube&quot;,&quot;controls&quot;:&quot;yes&quot;,&quot;aspect_ratio&quot;:&quot;169&quot;}\" data-widget_type=\"video.default\">\n\t\t\t\t<div class=\"elementor-widget-container\">\n\t\t\t\t\t<div class=\"elementor-wrapper elementor-fit-aspect-ratio elementor-open-inline\">\n\t\t\t<div class=\"elementor-video\"><\/div>\t\t<\/div>\n\t\t\t\t<\/div>\n\t\t\t\t<\/div>\n\t\t\t\t\t<\/div>\n\t\t<\/div>\n\t\t\t\t\t\t\t<\/div>\n\t\t<\/section>\n\t\t\t\t<section class=\"elementor-section elementor-top-section elementor-element elementor-element-aa96706 elementor-section-boxed elementor-section-height-default elementor-section-height-default\" data-id=\"aa96706\" data-element_type=\"section\" data-settings=\"{&quot;_ha_eqh_enable&quot;:false}\">\n\t\t\t\t\t\t<div class=\"elementor-container elementor-column-gap-default\">\n\t\t\t\t\t<div class=\"elementor-column elementor-col-50 elementor-top-column elementor-element elementor-element-6c4a353\" data-id=\"6c4a353\" data-element_type=\"column\">\n\t\t\t<div class=\"elementor-widget-wrap elementor-element-populated\">\n\t\t\t\t\t\t\t\t<div class=\"elementor-element elementor-element-ca93544 elementor-widget elementor-widget-text-editor\" data-id=\"ca93544\" data-element_type=\"widget\" data-widget_type=\"text-editor.default\">\n\t\t\t\t<div class=\"elementor-widget-container\">\n\t\t\t\t\t<div class=\"elementor-text-editor elementor-clearfix\"><h3><em><b>Parcours<\/b><\/em><\/h3><p>J&#8217;ai le souvenir de chants, de gnorles, d&#8217;histoires d&#8217;animaux, l\u00e2ch\u00e9s par les anciens, au coin du feu pendant les soir\u00e9es d&#8217;\u00e9noisage\u2026<\/p><p>\u00ab\u00a0E pin e pan, e pin e pan, cassa cassa, cassa cacal&#8221;.<\/p><p>Puis, au d\u00e9but des ann\u00e9es 2000<span class=\"Apple-converted-space\">\u00a0 <\/span>j&#8217;ai entendu Yannick Jaulin, Michel Hindenoch, qui m&#8217;ont donn\u00e9 envie d&#8217;\u00e9couter des conteurs et conteuses, encore et encore\u2026<\/p><p>&#8220;Et cric ?&#8230; et crac&#8230;&#8221;<\/p><p>J&#8217;ai aussi commenc\u00e9 \u00e0 raconter, aupr\u00e8s d&#8217;enfants en tant qu&#8217;animateur dans un centre de loisirs.<br \/>Puis j&#8217;ai obtenu mon concours d&#8217;enseignant-documentaliste qui m&#8217;a emmen\u00e9 \u00e0 travailler au quotidien avec des adolescents, et tr\u00e8s vite le conte s&#8217;est integr\u00e9 \u00e0 ma pratique p\u00e9dagogique. C&#8217;est un alli\u00e9 pr\u00e9cieux, pour tous, \u00e9l\u00e8ves en difficult\u00e9 ou pas. Certains se sont mis \u00e0 raconter, et je m&#8217;y suis remis aussi.<span class=\"Apple-converted-space\">\u00a0<br \/><\/span>Au gr\u00e9 des racont\u00e9es, un r\u00e9pertoire s&#8217;est cr\u00e9\u00e9 et j&#8217;ai voulu le partager hors l&#8217;\u00e9cole, lors de veill\u00e9es, d&#8217;animations dans des fermes, de balades cont\u00e9es ou en d&#8217;autres occasions. En parall\u00e8le j&#8217;ai souhait\u00e9 me former et me suis rapproch\u00e9 de Michel Hindenoch puis de l&#8217;\u00e9cole Kom Panis o\u00f9 j&#8217;ai retrouv\u00e9 Michel et suivi les enseignements de Myriam Pellicane, Jean-Lo\u00efc Le Quellec et Emmanuelle Saucourt. J&#8217;y ai aussi rencontr\u00e9 mes fr\u00e8res et soeurs Piverts, ind\u00e9fectibles compagnons de route, regards ext\u00e9rieurs pr\u00e9cieux.<br \/>Mon r\u00e9pertoire s&#8217;inspire de contes populaires et traditionnels et j&#8217;aime les accompagner en musique, \u00e0 la guitare et \u00e0 la shruti box.<br \/>Cr\u00e9\u00e9 en 2018, le spectacle &#8220;R\u00eaves et veill\u00e9e&#8221; est un tour de contes qui peut se d\u00e9cliner en balade cont\u00e9e.<br \/>Il a \u00e9t\u00e9 rejoint en 2021 par &#8220;La vie de Pile et Face&#8221;, contes fac\u00e9tieux et merveilleux mettant en sc\u00e8ne des m\u00e9tayers.<\/p><p>J&#8217;ai l&#8217;intime conviction que le conte s&#8217;adresse \u00e0 toutes et tous, et pas seulement aux plus petits. Il porte assur\u00e9ment en lui un souffle g\u00e9n\u00e9reux propre \u00e0 semer des graines d&#8217;imaginaire pour les oreilles qui veulent l&#8217;entendre.<\/p><p>Et cric ?&#8230;<\/p><\/div>\n\t\t\t\t<\/div>\n\t\t\t\t<\/div>\n\t\t\t\t\t<\/div>\n\t\t<\/div>\n\t\t\t\t<div class=\"elementor-column elementor-col-50 elementor-top-column elementor-element elementor-element-722104b\" data-id=\"722104b\" data-element_type=\"column\">\n\t\t\t<div class=\"elementor-widget-wrap elementor-element-populated\">\n\t\t\t\t\t\t\t\t<div class=\"elementor-element elementor-element-940ce6f elementor-widget elementor-widget-image\" data-id=\"940ce6f\" data-element_type=\"widget\" data-widget_type=\"image.default\">\n\t\t\t\t<div class=\"elementor-widget-container\">\n\t\t\t\t\t<div class=\"elementor-image\">\n\t\t\t\t\t\t\t\t\t\t<img width=\"693\" height=\"1000\" src=\"https:\/\/www.echodesterriers.fr\/wp-content\/uploads\/2021\/10\/l-echo-des-terriers-conteur.jpg\" class=\"attachment-large size-large\" alt=\"\" loading=\"lazy\" srcset=\"https:\/\/www.echodesterriers.fr\/wp-content\/uploads\/2021\/10\/l-echo-des-terriers-conteur.jpg 693w, https:\/\/www.echodesterriers.fr\/wp-content\/uploads\/2021\/10\/l-echo-des-terriers-conteur-208x300.jpg 208w\" sizes=\"(max-width: 693px) 100vw, 693px\" \/>\t\t\t\t\t\t\t\t\t\t\t<\/div>\n\t\t\t\t<\/div>\n\t\t\t\t<\/div>\n\t\t\t\t\t<\/div>\n\t\t<\/div>\n\t\t\t\t\t\t\t<\/div>\n\t\t<\/section>\n\t\t\t\t<section class=\"elementor-section elementor-top-section elementor-element elementor-element-5993585 elementor-section-boxed elementor-section-height-default elementor-section-height-default\" data-id=\"5993585\" data-element_type=\"section\" data-settings=\"{&quot;_ha_eqh_enable&quot;:false}\">\n\t\t\t\t\t\t<div class=\"elementor-container elementor-column-gap-default\">\n\t\t\t\t\t<div class=\"elementor-column elementor-col-100 elementor-top-column elementor-element elementor-element-f44ee4d\" data-id=\"f44ee4d\" data-element_type=\"column\">\n\t\t\t<div class=\"elementor-widget-wrap\">\n\t\t\t\t\t\t\t\t\t<\/div>\n\t\t<\/div>\n\t\t\t\t\t\t\t<\/div>\n\t\t<\/section>\n\t\t\t\t\t\t<\/div>\n\t\t\t\t\t<\/div>\n\t\t","protected":false},"excerpt":{"rendered":"<div class=\"entry-summary\">\nBiographie Conteur, musicien, un peu p\u00e9pini\u00e9riste et cuisinier. Un cuisinier qui raconte ? Un conteur qui s\u00e8me et plante ? Et pourquoi pas ? Les histoires sont comme du pollen, des glands&hellip;\n<\/div>\n<div class=\"link-more-container\"><a href=\"https:\/\/www.echodesterriers.fr\/index.php\/biographie\/\" class=\"link-more\" aria-label=\"Continue reading Biographie\">Continue reading&hellip;<\/a><\/div>\n","protected":false},"author":1,"featured_media":0,"parent":0,"menu_order":0,"comment_status":"closed","ping_status":"closed","template":"","meta":{"_monsterinsights_skip_tracking":false,"_monsterinsights_sitenote_active":false,"_monsterinsights_sitenote_note":"","_monsterinsights_sitenote_category":0},"_links":{"self":[{"href":"https:\/\/www.echodesterriers.fr\/index.php\/wp-json\/wp\/v2\/pages\/860"}],"collection":[{"href":"https:\/\/www.echodesterriers.fr\/index.php\/wp-json\/wp\/v2\/pages"}],"about":[{"href":"https:\/\/www.echodesterriers.fr\/index.php\/wp-json\/wp\/v2\/types\/page"}],"author":[{"embeddable":true,"href":"https:\/\/www.echodesterriers.fr\/index.php\/wp-json\/wp\/v2\/users\/1"}],"replies":[{"embeddable":true,"href":"https:\/\/www.echodesterriers.fr\/index.php\/wp-json\/wp\/v2\/comments?post=860"}],"version-history":[{"count":19,"href":"https:\/\/www.echodesterriers.fr\/index.php\/wp-json\/wp\/v2\/pages\/860\/revisions"}],"predecessor-version":[{"id":970,"href":"https:\/\/www.echodesterriers.fr\/index.php\/wp-json\/wp\/v2\/pages\/860\/revisions\/970"}],"wp:attachment":[{"href":"https:\/\/www.echodesterriers.fr\/index.php\/wp-json\/wp\/v2\/media?parent=860"}],"curies":[{"name":"wp","href":"https:\/\/api.w.org\/{rel}","templated":true}]}}

<div data-elementor-type="wp-page" data-elementor-id="860" class="elementor elementor-860" data-elementor-settings="[]">
							<div class="elementor-section-wrap">
							<section class="elementor-section elementor-top-section elementor-element elementor-element-968c25b elementor-section-boxed elementor-section-height-default elementor-section-height-default" data-id="968c25b" data-element_type="section" data-settings="{&quot;_ha_eqh_enable&quot;:false}">
						<div class="elementor-container elementor-column-gap-default">
					<div class="elementor-column elementor-col-100 elementor-top-column elementor-element elementor-element-691eda8" data-id="691eda8" data-element_type="column">
			<div class="elementor-widget-wrap elementor-element-populated">
								<section class="elementor-section elementor-inner-section elementor-element elementor-element-65052ee elementor-section-content-top elementor-section-boxed elementor-section-height-default elementor-section-height-default" data-id="65052ee" data-element_type="section" data-settings="{&quot;_ha_eqh_enable&quot;:false}">
						<div class="elementor-container elementor-column-gap-wide">
					<div class="elementor-column elementor-col-50 elementor-inner-column elementor-element elementor-element-f8c9bb7" data-id="f8c9bb7" data-element_type="column" data-settings="{&quot;background_background&quot;:&quot;classic&quot;}">
			<div class="elementor-widget-wrap elementor-element-populated">
								<div class="elementor-element elementor-element-9423976 elementor-widget elementor-widget-heading" data-id="9423976" data-element_type="widget" data-widget_type="heading.default">
				<div class="elementor-widget-container">
			<h2 class="elementor-heading-title elementor-size-default">Biographie</h2>		</div>
				</div>
				<div class="elementor-element elementor-element-8cd5fdb elementor-widget elementor-widget-image" data-id="8cd5fdb" data-element_type="widget" data-widget_type="image.default">
				<div class="elementor-widget-container">
					<div class="elementor-image">
										<img src="https://www.echodesterriers.fr/wp-content/uploads/2021/04/RIMG0006_JPG.jpg" title="" alt="" />											</div>
				</div>
				</div>
					</div>
		</div>
				<div class="elementor-column elementor-col-50 elementor-inner-column elementor-element elementor-element-7dd9200" data-id="7dd9200" data-element_type="column">
			<div class="elementor-widget-wrap elementor-element-populated">
								<div class="elementor-element elementor-element-8836876 elementor-widget elementor-widget-text-editor" data-id="8836876" data-element_type="widget" data-widget_type="text-editor.default">
				<div class="elementor-widget-container">
					<div class="elementor-text-editor elementor-clearfix"><h3>Conteur, musicien, un peu pépiniériste et cuisinier.</h3><p><em>Un cuisinier qui raconte ? Un conteur qui sème et plante ? <br />Et pourquoi pas ?</em></p><p>Les histoires sont comme du pollen, des glands ou des faînes et tombent où le vent les mène. J&#8217;en récolte quelques-unes et les fait germer à l&#8217;ombre, dans le terrier. En prenant soin d&#8217;elles, en prenant le temps de rêver&#8230;<br />Quand elles ont poussé, il est temps de les accommoder, de les accorder, de les épicer.<span class="Apple-converted-space"> <br /></span>Et enfin, vient le meilleur moment : celui du plaisir et du partage, à haute voix, en musique, à la lumière.<br />Comme autour d&#8217;une table où l&#8217;on savoure ensemble un bon plat mijoté.</p></div>
				</div>
				</div>
					</div>
		</div>
							</div>
		</section>
				<div class="elementor-element elementor-element-5367873 elementor-aspect-ratio-169 elementor-widget elementor-widget-video" data-id="5367873" data-element_type="widget" data-settings="{&quot;youtube_url&quot;:&quot;https:\/\/www.youtube.com\/watch?v=yak0W-1etls&quot;,&quot;video_type&quot;:&quot;youtube&quot;,&quot;controls&quot;:&quot;yes&quot;,&quot;aspect_ratio&quot;:&quot;169&quot;}" data-widget_type="video.default">
				<div class="elementor-widget-container">
					<div class="elementor-wrapper elementor-fit-aspect-ratio elementor-open-inline">
			<div class="elementor-video"></div>		</div>
				</div>
				</div>
					</div>
		</div>
							</div>
		</section>
				<section class="elementor-section elementor-top-section elementor-element elementor-element-aa96706 elementor-section-boxed elementor-section-height-default elementor-section-height-default" data-id="aa96706" data-element_type="section" data-settings="{&quot;_ha_eqh_enable&quot;:false}">
						<div class="elementor-container elementor-column-gap-default">
					<div class="elementor-column elementor-col-50 elementor-top-column elementor-element elementor-element-6c4a353" data-id="6c4a353" data-element_type="column">
			<div class="elementor-widget-wrap elementor-element-populated">
								<div class="elementor-element elementor-element-ca93544 elementor-widget elementor-widget-text-editor" data-id="ca93544" data-element_type="widget" data-widget_type="text-editor.default">
				<div class="elementor-widget-container">
					<div class="elementor-text-editor elementor-clearfix"><h3><em><b>Parcours</b></em></h3><p>J&#8217;ai le souvenir de chants, de gnorles, d&#8217;histoires d&#8217;animaux, lâchés par les anciens, au coin du feu pendant les soirées d&#8217;énoisage…</p><p>« E pin e pan, e pin e pan, cassa cassa, cassa cacal&#8221;.</p><p>Puis, au début des années 2000<span class="Apple-converted-space">  </span>j&#8217;ai entendu Yannick Jaulin, Michel Hindenoch, qui m&#8217;ont donné envie d&#8217;écouter des conteurs et conteuses, encore et encore…</p><p>&#8220;Et cric ?&#8230; et crac&#8230;&#8221;</p><p>J&#8217;ai aussi commencé à raconter, auprès d&#8217;enfants en tant qu&#8217;animateur dans un centre de loisirs.<br />Puis j&#8217;ai obtenu mon concours d&#8217;enseignant-documentaliste qui m&#8217;a emmené à travailler au quotidien avec des adolescents, et très vite le conte s&#8217;est integré à ma pratique pédagogique. C&#8217;est un allié précieux, pour tous, élèves en difficulté ou pas. Certains se sont mis à raconter, et je m&#8217;y suis remis aussi.<span class="Apple-converted-space"> <br /></span>Au gré des racontées, un répertoire s&#8217;est créé et j&#8217;ai voulu le partager hors l&#8217;école, lors de veillées, d&#8217;animations dans des fermes, de balades contées ou en d&#8217;autres occasions. En parallèle j&#8217;ai souhaité me former et me suis rapproché de Michel Hindenoch puis de l&#8217;école Kom Panis où j&#8217;ai retrouvé Michel et suivi les enseignements de Myriam Pellicane, Jean-Loïc Le Quellec et Emmanuelle Saucourt. J&#8217;y ai aussi rencontré mes frères et soeurs Piverts, indéfectibles compagnons de route, regards extérieurs précieux.<br />Mon répertoire s&#8217;inspire de contes populaires et traditionnels et j&#8217;aime les accompagner en musique, à la guitare et à la shruti box.<br />Créé en 2018, le spectacle &#8220;Rêves et veillée&#8221; est un tour de contes qui peut se décliner en balade contée.<br />Il a été rejoint en 2021 par &#8220;La vie de Pile et Face&#8221;, contes facétieux et merveilleux mettant en scène des métayers.</p><p>J&#8217;ai l&#8217;intime conviction que le conte s&#8217;adresse à toutes et tous, et pas seulement aux plus petits. Il porte assurément en lui un souffle généreux propre à semer des graines d&#8217;imaginaire pour les oreilles qui veulent l&#8217;entendre.</p><p>Et cric ?&#8230;</p></div>
				</div>
				</div>
					</div>
		</div>
				<div class="elementor-column elementor-col-50 elementor-top-column elementor-element elementor-element-722104b" data-id="722104b" data-element_type="column">
			<div class="elementor-widget-wrap elementor-element-populated">
								<div class="elementor-element elementor-element-940ce6f elementor-widget elementor-widget-image" data-id="940ce6f" data-element_type="widget" data-widget_type="image.default">
				<div class="elementor-widget-container">
					<div class="elementor-image">
										<img width="693" height="1000" src="https://www.echodesterriers.fr/wp-content/uploads/2021/10/l-echo-des-terriers-conteur.jpg" class="attachment-large size-large" alt="" loading="lazy" srcset="https://www.echodesterriers.fr/wp-content/uploads/2021/10/l-echo-des-terriers-conteur.jpg 693w, https://www.echodesterriers.fr/wp-content/uploads/2021/10/l-echo-des-terriers-conteur-208x300.jpg 208w" sizes="(max-width: 693px) 100vw, 693px" />											</div>
				</div>
				</div>
					</div>
		</div>
							</div>
		</section>
				<section class="elementor-section elementor-top-section elementor-element elementor-element-5993585 elementor-section-boxed elementor-section-height-default elementor-section-height-default" data-id="5993585" data-element_type="section" data-settings="{&quot;_ha_eqh_enable&quot;:false}">
						<div class="elementor-container elementor-column-gap-default">
					<div class="elementor-column elementor-col-100 elementor-top-column elementor-element elementor-element-f44ee4d" data-id="f44ee4d" data-element_type="column">
			<div class="elementor-widget-wrap">
									</div>
		</div>
							</div>
		</section>
						</div>
					</div>

<div class="entry-summary">
Biographie Conteur, musicien, un peu pépiniériste et cuisinier. Un cuisinier qui raconte ? Un conteur qui sème et plante ? Et pourquoi pas ? Les histoires sont comme du pollen, des glands&hellip;
</div>
<div class="link-more-container"><a href="https://www.echodesterriers.fr/index.php/biographie/" class="link-more" aria-label="Continue reading Biographie">Continue reading&hellip;</a></div>
